4 - 2 - 2)?
-1
6 - (8 - (3 - -3))
4
What is 5 + (0 - 5) - 6 - -3?
-3
Evaluate 0 + (4 - 0 - 2).
2
Calculate 26 - 35 - (-3 + -1).
-5
Evaluate 6 + -7 + -2 + (7 - 0).
4
What is the value of (1 - 5) + 5 + 10 + -9?
2
What is -11 + (0 - -14) - 9?
-6
What is 1 - (-4 + 1 + 4 + -5)?
5
What is the value of -6 - 1 - ((-40 - -17) + 21)?
-5
1 + 0 + 6 + 5 + -7
5
Evaluate (-6 - -3 - 8) + 9.
-2
Calculate -36 + 45 + -10 + 1.
0
Calculate 9 + (6 - (0 - -10)).
5
(-5 - -4) + 4 + -5 + 9
7
Evaluate 8 + (-3 - (-2 + 3) - -3).
7
What is 1 - (0 - -1 - (-3 + 3))?
0
Evaluate -5 + -5 + 7 - (2 + 1).
-6
Evaluate (-5 + 1 - 0) + 0.
-4
What is -34 - -18 - (-8 + -2)?
-6
What is the value of (-10 - ((4 - 2) + -6)) + 13?
7
Calculate 4 - (-5 + 3 + 0 + 3).
3
-2 + -3 + (19 - 9)
5
4 + -6 - (25 + -37)
10
What is 92 + -80 + -7 + 0?
5
What is the value of -8 + (-6 - -15) - -3?
4
What is the value of (3 - -2) + -3 - (2 - 1)?
1
Calculate -5 + 3 + (-3 - (5 - 5)).
-5
5 + -8 + 3 + -1
-1
Evaluate 23 + -26 + -2 + 0.
-5
-2 + 3 + 4 + -8 + 2
-1
Calculate 6 + (-7 - 5) + 4.
-2
What is 3 - (31 - 9 - 13)?
-6
-13 - (-20 + 8 - 8)
7
Evaluate -30 + 32 + (2 - 0).
4
Evaluate 1 + (-1 - (-4 + 11)) + 2.
-5
What is the value of -6 + (7 - 0) + -6?
-5
Calculate -15 + -17 + 14 - -14.
-4
-3 + 10 + -11 - (-9 + -1)
6
What is -4 - (-1 - (4 + -7 - -3))?
-3
Evaluate 9 - (6 + -3 - -4).
2
What is the value of 3 + (0 - 1) - (41 + -35)?
-4
Calculate -9 - -3 - (-1 + 0).
-5
-4 - (6 + 1) - -7 - 1
-5
Calculate 6 - (1 + (13 - 5)).
-3
Evaluate 7 + 0 - 1 - (-68 - -73).
1
Calculate 6 + -1 + (-2 - 4) + -7.
-8
Calculate 5 - 4 - 3 - (0 - 4).
2
Evaluate (-12 - -11) + -4 + 1.
-4
-7 - (0 + -2 - 12) - 8
-1
-2 + -1 - (-5 - 0 - -4)
-2
What is -2 + (1 - 3) + (-7 - -11)?
0
What is the value of 13 + -4 + -10 + (-2 - 1)?
-4
What is 6 + (2 - 6 - 1 - 6)?
-5
What is the value of (-7 - (2 - -2)) + 9?
-2
Calculate -4 + -4 - (0 - 4) - -4.
0
Evaluate (-4 - -1) + -5 + 2 + 2.
-4
Evaluate 9 - (7 - (-3 + (-8 - -17))).
8
-18 + 19 - (-2 - -1)
2
Evaluate 150 - 142 - (14 - 0).
-6
Evaluate (6 - 4) + -8 + 1.
-5
Calculate -7 - -4 - (-2 + -2).
1
What is -1 - 1 - (5 + -2 + -6)?
1
What is (-3 - -7) + (-9 - (-7 + 5))?
-3
What is the value of (98 - 90) + -3 + 3 + -4?
4
Evaluate 6 - ((2 - 1) + 1) - 2.
2
What is the value of 12 + (6 - (5 - -2) - 6)?
5
Evaluate 12 - ((11 - 11) + 6).
6
What is 5 + (-2 - -1) + -3 + -2?
-1
What is 16 + -22 + -4 + 2 + 5?
-3
(0 - ((1 - -2) + 0)) + 2
-1
(-4 - -5) + (-3 - 5) + 8
1
Calculate 0 + 7 + (2 - (2 + 3)).
4
3 + -10 + 8 + -7
-6
Evaluate 113 + -110 + -8 + -2 + 3.
-4
-2 + (2 - -2 - 3)
-1
Calculate 1 + 0 + (-7 - -3).
-3
Evaluate (17 - 18) + -1 + 6.
4
What is (-1 - 3) + -6 - (3 - 8)?
-5
Calculate 4 - (14 - (-4 - -12)).
-2
Calculate -3 - (-2 + 6 + (-13 - -4)).
2
What is -1 + 0 + -5 + 6?
0
-7 + 3 + 19 + -13
2
(-10 - (-10 + -4)) + -1
3
Calculate -4 + (7 - (-7 + (4 - -15))).
-9
(7 - (4 - 2)) + -8
-3
Evaluate 0 + (-1 - -1) + 4 - 6.
-2
Evaluate 6 + -2 - (0 - -3 - 3).
4
What is the value of -13 + (4 - -4) - -2?
-3
1 - (9 - (13 + -1))
4
What is 1 - 1 - (-2 + -2) - 0?
4
What is the value of -9 + (9 - (7 + -14))?
7
Calculate -2 - 0 - ((-14 - -7) + 4).
1
Calculate 4 + 1 + 2 + -2 + -4.
1
1 + 2 + (4 - 4) + 2
5
Evaluate 15 + -1 + -18 - (-5 - -1).
0
What is -5 - (-7 - (-14 + 9))?
-3
(-2 + -2 - 3) + (-2 - -4)
-5
Calculate -3 - 0 - (-4 + -4 + 3).
2
Evaluate -10 + -20 + 15 + 9.
-6
What is 18 + -15 - (2 - 1)?
2
Calculate -3 - -12 - 6 - -4.
7
Calculate -9 - (-4 + 0) - -1.
-4
Evaluate 0 + -1 + -4 + (-173 - -182).
4
Evaluate 6 + (2 - (-5 - -4)) + -7.
2
Calculate -4 + -1 + 10 + -13 + 13.
5
What is the value of 8 + -5 - (-7 + 8 - 3)?
5
(3 - (0 - -5)) + -4
-6
-16 - (-16 - (-5 + 0))
-5
(3 - 0) + -8 + (18 - 5)
8
What is (1 - (1 + -4) - 2) + 0?
2
Evaluate -3 + (-4 - (4 - 15)) - 3.
1
What is 6 + (3 - (-1 + 12))?
-2
Evaluate 0 - (-12 - (4 - 11)).
5
29 + -37 - (-10 + -3 + -4)
9
Evaluate 9 + (-6 - -3) - 1.
5
Calculate -3 + -1 - (-9 - -6 - 0).
-1
What is the value of (3 - -2) + (-18 - -10)?
-3
Calculate (-5 + 4 - 1) + 0 + -1.
-3
Calculate -4 - (-6 - 2) - -1.
5
Evaluate -2 - (4 + -8) - (4 - 0).
-2
(-5 - -7 - (-1 + 0)) + 1
4
What is -3 - (-8 + 3 + 0) - 2?
0
Evaluate -5 - (-3 - 3) - 2.
-1
What is the value of -5 + 1 - (-9 - (10 + -11))?
4
What is 3 + 2 + 3 - 12?
-4
-2 + 2 - (3 - 5) - 3
-1
Calculate (7 + -6 - 0) + (3 - 0).
4
What is the value of (-2 - -7) + -5 - -2?
2
8 - ((5 - 13) + 20)
-4
Calculate 1 + (-3 - -2) + (0 - -1).
1
Evaluate 2 - 0 - (-4 - -4).
2
1 - 2 - (17 + -10 + -6)
-2
Evaluate (-37 - -34) + 12 + 3 + -3.
9
-8 + (-8 - -16 - 3)
-3
What is (0 - (-2 - (-3 - -1))) + -4?
-4
0 + (3 - 7) - (-11 - 1)
8
Evaluate 2 + -2 - (-3 + (7 - 1)).
-3
Evaluate -6 + 4 + -1 + -1.
-4
What is the value of -7 - -3 - (-1 - 5) - -3?
5
Calculate 2 + (9 + -2 - 3 - 2).
4
What is the value of (-2 - (2 + -1)) + 5 + -1?
1
What is 1 - (0 + 0) - (-13 - -18)?
-4
Evaluate 0 + 0 + 0 + (3 - 4).
-1
Calculate (18 - 25) + (2 - -3).
-2
What is the value of (-2 - -2) + 3 + -1 + -5?
-3
What is the value of (-100 - -91) + (0 - (-4 + -2))?
-3
What is the value of -2 + (-2 - -1 - 0)?
-3
What is -4 - (-10 - (-4 + 0))?
2
Evaluate (6 - (0 + 3)) + 1 + 1.
5
What is the value of -4 + (-3 - -13 - (-2 + 8))?
0
What is the value of 0 + -8 + 7 + -3 + -3?
-7
Evaluate 14 + -16 - (3 + 2 + -5).
-2
Evaluate -4 + 0 + -5 + -2 + 9.
-2
What is the value of -9 + (1 - 2) + 5?
-5
Calculate (2 - 0) + (-4 + 7 - 3).
2
What is (-2 - -2) + (4 - (-6 - -8))?
2
Calculate 7 + -7 + 3 - (-1 + 1).
3
What is (1 - 4 - 3) + 3?
-3
What is the value of -5 - (-42 - -44 - (-1 - -6))?
-2
Evaluate -1 - (9 + -3 + 4 + -6).
-5
Evaluate 4 + (-13 - (-5 - 0)).
-4
What is 6 + -3 - (2 - 2)?
3
Evaluate (5 + 3 - 4) + (5 - -2).
11
What is 0 + (1 - (-4 + 5))?
0
What is the value of (-7 - (-6 + 4)) + (-6 - -9)?
-2
Evaluate -16 + (8 - (1 + -3)).
-6
Evaluate 6 + (-3 - -5) + -3 - 6.
-1
5 + (4 - 7) - (-3 - -10)
-5
What is the value of (0 - 4) + 2 - (1 - -1)?
-4
Calculate 3 - (-9 + 5 + 2).
5
What is the value of 8 - 6 - (-2 - -4) - 0?
0
Evaluate 10 + (5 - (-3 + 8 + 4)).
6
What is (0 - 3) + 0 + 4 - 2?
-1
Evaluate 12 - (20 + -1) - -1.
-6
What is -5 + 5 + (5 - 0) - 10?
-5
What is -6 - (-3 + -8 + (-3 - -6))?
2
Evaluate (5 - (-5 - -7)) + (5 - 3).
5
What is 3 + (2 + 0 - 5)?
0
Calculate (-2 - 1 - -5) + -1.
1
-6 + (-5 - -9) + 2
0
Calculate 2 - 12 - -19 - 2.
7
What is the value of 2 + -2 + 2 - -2?
4
2 + (-16 - -8) - (0 - 1)
-5
Evaluate -1 + 7 + -10 + (-1 - -9).
4
What is -4 - (-7 - -4) - (-2 + 0)?
1
What is the value of 10 + -1 - (-12 - -12)?
9
Evaluate -6 + (1 - 3) + -5 + 8.
-5
1 - (0 + -1) - (-1 - 2)
5
What is -2 + (3 + 3 - 4) - 6?
-6
Evaluate 1 + -6 + (2 - -3).
0
What is the value of -4 + (-3 - -9) + 5?
7
What is the value of 1 + -1 - 12 - (-87 + 82)?
-7
Calculate -38 + 44 - (1 + -2 + 2).
5
Evaluate -2 + 1 + 9 + (7 - 24).
-9
What is the value of 1 + -7 - (-66 + 68)?
-8
(-1 - 3) + (10 + -8 - -6)
4
What is the value of 2 - ((0 - 1) + (5 - 6))?
4
What is 4 - 1 - (6 + -4 + 3)?
-2
Calculate -6 + -2 - (121 + -137).
8
Calculate 2 - (6 + -6 + -2).
4
What is the value of -1 - (-5 - -1) - (1 - -3)?
-1
What is (8 - (-3 - 3)) + -9?
5
Calculate 0 + -1 + (19 - 15).
3
-4 - (-11 - (-7 - -2))
2
What is -3 - ((2 - 1) + -3)?
-1
Calculate (-5 - 0) + -3 + 6 - 1.
-3
What is the value of (-1 - 0) + (0 - 2) + -2?
-5
Evaluate -3 + -1 + (6 - 1 - 1).
0
What is -13 + (15 - (3 + 2))?
-3
What is the value of -11 + (-9 - 3) + 21?
-2
Calculate (0 - (-6 - -5)) + (4 - 2).
3
What is (14 - 17) + -4 + -1?
-8
Evaluate 4 + 6 - (-32 - -46).
-4
-8 - -5 - (0 - 1)
-2
What is the value of -1 - -10 - (-8 + 3 + 8)?
6
What is the value of -6 - -4 - (-4 - 1) - -1?
4
Evaluate (6 - 1 - -3) + -10.
-2
Evaluate -8 - (8 - 11) - (-13 + 3).
5
-1 - -6 - (-16 - -12)
9
(9 - 11) + 1 + -1
-2
What is the value of 1 + -1 - (-14 + 11)?
3
0 + 1 + -10 - -4
-5
What is the value of 2 - (2 + -6 + 12 + -8)?
2
(3 - -5 - 2) + (13 - 14)
5
Evaluate -4 + 2 + 3 + -2 - -2.
1
What is (-11 - (-9 + 3)) + 8?
3
Evaluate 8 + 0 + 46 + -52.
2
Evaluate 0 + -4 + (10 - 15) + 2.
-7
What is 6 - (0 - -4) - (-2 + 2)?
2
What is -1 + 0 - (-7 - -3)?
3
What is (-4 - -2) + (-5 - -5) + 0?
-2
Calculate (2 - 7) + (5 - -1) - 8.
-7
What is the value of 1 + 0 + -1 + -1 - -5?
4
Calculate -3 + (0 + -1 - 2 - -4).
-2
Calculate -6 + (-7 - -6) + 6.
-1
What is the value of -4 - (-